-6 + 10 + 2/((-6)/(-21)). Suppose -6*r - 3630 = -j*r. What is the hundreds digit of r?
7
Suppose 3*s + y = -53, -5*y - 67 = 2*s + 2*s. What is the tens digit of 4/(-24) + (-1209)/s?
6
Suppose -2*n + 6 = 2*f, -n + 3*n = -2. Suppose 0 = 2*p + 4*m - 1932, -2*p - 3*p + f*m = -4844. What is the units digit of p?
8
Let z = 38698 - 8906. What is the ten thousands digit of z?
2
Suppose -149*c = -100465 - 96998 + 27901. Let p be 3*(4/3)/2. Suppose 5*v = 2*l - 238 + c, p*l + 180 = v. What is the units digit of v?
0
Suppose 820*h + 318432 = 836*h. What is the tens digit of h?
0
Suppose o - 3*k - 77 = -3*o, 4*o - 2*k = 82. Let b = -18 + o. Suppose 3*z = -3*s + 213, 0 = z + b*s - 101 + 14. What is the tens digit of z?
6
What is the thousands digit of 2505/(-167)*3043/(-3)?
5
Suppose -13*m = -31*m + 36. Suppose -2062 = -3*d - m*k, 0*d - 5*d + 2*k + 3410 = 0. What is the tens digit of d?
8
Let w(d) be the third derivative of -d**4/8 + 21*d**3/2 + 32*d**2. Let t be w(23). What is the units digit of 10/t - (-5995)/33?
0
What is the tens digit of 9/(-15)*(1619/2)/((-62)/620)?
5
Let w be 1/5 - 1080/(-100). Suppose -w*n + 2115 = -2*n. What is the units digit of n?
5
Let d(q) = -293*q - 1505. What is the units digit of d(-20)?
5
Let m = -569 + 573. Suppose -20 = -5*g - 5*y, -2*g + 3*y + 2 = -y. Suppose -g*b - 107 = -4*l, -82 = -m*l + b - 3*b. What is the units digit of l?
3
Let o be (0 - -2)/(-2)*(1 + -9). Let n(s) = -s**3 + 10*s**2 - 17*s + 3. Let f be n(o). Let b(w) = 3*w**2 + 4*w - 3. What is the units digit of b(f)?
2
Let c(z) = -805*z + 39. What is the tens digit of c(-3)?
5
Suppose 4*i = 6*i - 8. Suppose -u - 56 = k + 18, -i*u - 300 = 5*k. Let v = u - -84. What is the units digit of v?
4
Let n = 11 - 7. Let a(j) = 21*j + n + 2*j**2 + 10 - 17. What is the units digit of a(-15)?
2
Suppose -2*s - c = -13, -3*s + 19 = 5*c - 3*c. Suppose 1 - s = w. Let k(l) = -l**2 - 10*l + 2. What is the units digit of k(w)?
6
Suppose 0 = 5*p + 3*y - 8, 2*y = -2*p + 4*y. Suppose -i + 4*j + p = 5, -5*i = -4*j + 4. Suppose i = -0*c + c - 90. What is the tens digit of c?
9
Let n(q) = -710*q + 815. What is the units digit of n(-39)?
5
Suppose -2*d + 9 = 3*f, 6*d - 3*d - 5*f = -15. Suppose 5*q - 18*q + 5148 = d. What is the tens digit of q?
9
Let a = 10034 - -12681. What is the ten thousands digit of a?
2
Suppose 13*q - 4*q - 180 = 0. Suppose -q*l = -13*l - 2898. What is the units digit of l?
4
Suppose -19*o = -33*o + 64036. What is the tens digit of o?
7
Suppose 0 = -17*q + 85 + 17. Let u(b) = 2*b**3 + 5*b**2 - 8*b + 63. What is the hundreds digit of u(q)?
6
What is the units digit of 7528 - -139 - (0 + -2 - 4)?
3
Let h(i) = 512*i**2 - 3*i + 3. Let k be h(1). Suppose k = -72*a + 73*a. What is the tens digit of a?
1
Suppose -4*n + 15076 = 2*a, 7221 + 7879 = 4*n - a. What is the tens digit of n?
7
Suppose 17*b = -29*b + 613226. Suppose 56691 = 32*j + b. What is the tens digit of j?
5
Suppose -357*f + 17770524 + 4626585 = 0. What is the thousands digit of f?
2
Let j = -55 - -37. Let o(x) = x**3 + 7*x**2 - 13*x - 7. Let i be o(-9). What is the units digit of (-19 - j)/(2/i)?
6
Suppose -1939 = 19*z - 27722. What is the tens digit of z?
5
Let u(w) = -22*w - 153. Let k be u(10). Let d = -59 - k. What is the tens digit of d?
1
Let p = -69 - -69. Suppose -52*j + 63*j - 572 = p. What is the units digit of j?
2
Suppose -2*t + p + 121391 = 0, -5*t + 8*t = -2*p + 182055. What is the tens digit of t?
9
Let r = 13475 + -7729. What is the tens digit of r?
4
Suppose -2*j - 2*t + 186 = t, -3*j + 282 = 3*t. Suppose -2*s - 2*z - 102 = 0, -5*s - 4*z - 276 = -19. Let i = s + j. What is the units digit of i?
3
Let d be 1*3*-5*1/(-3). Suppose p - 32 = d*c, -3*p + 4*c + 75 + 10 = 0. What is the tens digit of 48/27 - (-6)/p - -28?
3
Let c = -18 + 38. Suppose 418*k = 416*k - 22. What is the tens digit of 2 + c/k + (-1182)/(-33)?
3
Let i(f) = 4*f**2 + f - 2. Let k be i(1). Suppose -k*j - 809 + 210 = -2*x, j = -2*x + 595. Let a = -110 + x. What is the tens digit of a?
8
Suppose -l = 2*n - 4*n - 22, -4*l + n + 53 = 0. Suppose 0 = -l*c - 190 + 2206. What is the hundreds digit of c?
1
Let y = -552 - -554. What is the units digit of 692285/533 + y/13?
9
Suppose -4*k + 3*b + 64 + 19 = 0, -4*k = 3*b - 53. Suppose -k*v + 11220 = -0*v. What is the hundreds digit of v?
6
What is the hundreds digit of (63/18 + -5 - -3)*182?
2
Let p(i) = 3*i**2 + 277*i - 185. What is the thousands digit of p(84)?
4
Let t be (-3 - -5) + 301/(-1). Let o(g) = g**3 + 10*g**2 - 25*g + 20. Let x be o(-13). Let r = x - t. What is the tens digit of r?
3
Let h(l) = -l**2 - 24*l - 10. Suppose -3*q + 6*q - 41 = 4*g, 0 = -4*q - g + 23. Suppose -4*d = 2*r + 74, 42 = -2*d + q*r - 3*r. What is the tens digit of h(d)?
8
Let d(r) = r**3 - 17*r**2 + 6*r - 62. Let a = -519 + 538. What is the units digit of d(a)?
4
Suppose 5*c - 6003 = r + 28981, 0 = 5*c + 2*r - 34987. What is the thousands digit of c?
6
Let b(v) = 30 - 28 - 85*v**3 - 84*v**3 + 2*v**2 + 641*v**3 - 3*v. What is the tens digit of b(1)?
7
Let t = 803 - -111. Suppose r = -3*w + 6*r + t, -3*r - 608 = -2*w. Let g = w - 46. What is the units digit of g?
2
Suppose -7*d = -2*d + 125. Let a be ((-310)/d)/(6/15). Let c = 12 + a. What is the tens digit of c?
4
Suppose 0 = 67*b - 1149208 + 366967 - 941133. What is the tens digit of b?
2
What is the units digit of 5 + 1523 + (-7)/((-21)/24)?
6
Let o = -28 + 34. Let g be (-60 + o)*2/3. Let r = 44 + g. What is the units digit of r?
8
Suppose -q - 2074 = 3*m - 2*q, m + 718 = -5*q. Let o = m - -1213. What is the hundreds digit of o?
5
Suppose -37 = c + 4*p, 0 = 2*c + 3*c + 3*p + 117. Let a be -1 - c/(-6)*-6. What is the tens digit of ((-10)/a)/((-1)/200)?
0
Let o(d) = 750*d**2 + 52*d + 156. What is the thousands digit of o(-3)?
6
Suppose -7*p - 78 = -5*p. Let g = p - -45. Suppose -2*f - 556 = -g*f + 4*u, -f + 136 = -2*u. What is the units digit of f?
2
Suppose 6*f = -0*f. Suppose f = 2*s - 5*t - 609, -4*s - 8*t + 1293 = -3*t. What is the hundreds digit of s?
3
Let l(p) = -3*p + 4. Let f be l(15). Let j = f - -48. Suppose 2*x = j*x - 85. What is the units digit of x?
7
Let p(c) = -3*c + 59. Let y be p(18). Suppose -4*m - 1 = -9. Suppose 4*w - 166 = m*o, 14 + y = w + 4*o. What is the tens digit of w?
3
Let w = 25 + -21. Let a be 742 - (w - 5 - 0). Suppose 0 = 5*i - a + 273. What is the units digit of i?
4
Let v(f) = 35*f**3 + 4*f - 1. Suppose 39*a = -4*d + 42*a + 18, 3*d + 5*a + 1 = 0. What is the units digit of v(d)?
6
Let s(f) = 1744*f + 1913. What is the hundreds digit of s(8)?
8
Let y(w) = -119*w - 722. What is the hundreds digit of y(-77)?
4
Let b(o) = -5*o**2 - 9*o + 13. Let z(t) = -24*t**2 - 44*t + 65. Let f(a) = -11*b(a) + 2*z(a). What is the tens digit of f(6)?
0
Suppose 60*l = -4*o + 62*l + 122646, -o + 2*l + 30654 = 0. What is the units digit of o?
4
Suppose 198 = -3*d - 651. Let o = 983 + -541. Let t = o + d. What is the units digit of t?
9
Let z(a) = a + 17. Let y(w) = -w**2 + 5*w - 4. Let d be y(3). Let g be 9 + (15/5 - d). What is the tens digit of z(g)?
2
Let o be (-6)/15 - (-24)/60. Suppose -2*f + 2752 = 6*l - 4*l, o = 2*l + f - 2748. What is the tens digit of l?
7
Let q(r) = -5*r**2 - 49*r + 134. Let a(f) = f**2 + 10*f - 27. Let p(o) = 11*a(o) + 2*q(o). What is the tens digit of p(12)?
5
Let k = 5 - -2. Suppose 13*z = k*z. Suppose 0 = -4*f + 5*b + 150, 2*f - 78 = -z*b + b. What is the tens digit of f?
4
Let d(t) = t**3 - 6*t**2 - 3*t - 10. Let m(q) = q**3 - 9*q**2 - 9*q - 2. Let h be m(10). Suppose -h*k + 3*k = -40. What is the units digit of d(k)?
4
Let b = -17 + 30. Let s = b - 8. Let q(l) = 20*l + 3. What is the units digit of q(s)?
3
Suppose 4*d - 36252 = -1326 + 6018. What is the units digit of d?
6
Let l = -14532 + 20866. What is the hundreds digit of l?
3
Let v be 5*(-20)/(-15)*-3. Let c(u) = 3*u**2 + 30*u + 63. What is the hundreds digit of c(v)?
6
Suppose 88*n + 78*n + 527332 = 4911558. What is the thousands digit of n?
6
Let p be (-1116)/27*(0 + (-2 - -5)). Let k = 126 + p. Suppose -316 = -3*u + k*d + 75, -5*u + 2*d + 645 = 0. What is the tens digit of u?
2
Suppose 2*h + 4*a - 53135 = 13781, -3*h - a + 100404 = 0. What is the hundreds digit of h?
4
Let h(v) = 17*v**2 - 5*v - 21. Suppose 0 = -2*r + 4*r + 4*b + 12, -3*r - 3*b - 18